793. Determine p(-1).
50
Let v(n) = -n**2 + 170*n - 1997. Give v(13).
44
Let u(z) = z**3 - 9*z**2 + 1259*z - 12788. Give u(10).
-98
Let n(q) = 5*q**2 - 30*q - 141. What is n(18)?
939
Let u(a) = 323*a - 69428. What is u(215)?
17
Let c(r) = -r**2 - 8608*r - 43030. Calculate c(-5).
-15
Let f(y) = -y**2 + 22845*y + 159967. Determine f(-7).
3
Let b(j) = -7*j**2 + 1564*j - 16348. What is b(11)?
9
Let q(a) = a**3 - 11*a**2 - 228*a + 100. Calculate q(-11).
-54
Let t(l) = -459430*l + 1378289. What is t(3)?
-1
Let s(d) = 5956*d - 65428. What is s(11)?
88
Let l(k) = 38*k**3 + 6*k**2 + k + 2. Determine l(-1).
-31
Let p(c) = c**2 + 207*c + 7376. What is p(-37)?
1086
Let m(t) = 2*t**2 + 93*t + 1158. Give m(-40).
638
Let x(c) = 2*c**2 + 1443*c + 244189. Calculate x(-271).
18
Let l(d) = -d**3 + 134*d**2 + 689*d + 822. Give l(139).
-12
Let i(q) = -q**3 - 143*q**2 - 656*q - 137149. Give i(-145).
21
Let x(h) = -1765972*h + 21191662. Determine x(12).
-2
Let q(f) = 9*f**3 + 55*f**2 + 215*f + 1139. Determine q(-6).
-115
Let d(s) = -41785*s + 376053. Give d(9).
-12
Let c(l) = -7*l**3 - 612*l**2 + 1841*l + 5. Give c(3).
-169
Let j(o) = -117*o - 6372. Calculate j(-47).
-873
Let i(r) = -18*r**2 + 280*r - 213. Calculate i(20).
-1813
Let q(o) = -3*o**2 - 20267*o + 101420. What is q(5)?
10
Let t(f) = 258*f - 59. Determine t(-5).
-1349
Let k(s) = -2*s**2 - 14170*s + 56657. Calculate k(4).
-55
Let b(x) = -8*x**3 + 1429*x**2 + 531*x + 1056. Give b(179).
-18
Let v(n) = -243*n + 23050. Determine v(98).
-764
Let r(w) = w**2 - 3881*w - 176597. Calculate r(-45).
73
Let p(a) = -86*a**2 + 56*a - 12. What is p(4)?
-1164
Let b(y) = y**3 + 118*y**2 + 1876*y - 536. Determine b(-99).
-41
Let l(g) = -28*g**2 + 1358*g - 1348. What is l(1)?
-18
Let r(l) = 3*l**3 + 25*l**2 + 85*l + 1184. What is r(-10)?
-166
Let r(z) = 3*z**3 + 20*z**2 + 30*z + 253. Give r(-7).
-6
Let d(z) = 11*z**2 - 1136*z - 210425. Determine d(-96).
7
Let g(b) = -b**3 - 185*b**2 + 9031*b + 6960. What is g(-225)?
-15
Let y(u) = 3*u**2 + 82*u - 110. Calculate y(-39).
1255
Let k(t) = 3*t**2 + 10223*t - 91980. Determine k(9).
270
Let r(q) = -q**2 + 53759*q - 698704. What is r(13)?
-6
Let a(c) = 2*c**3 - 16*c**2 - 36*c + 75. Calculate a(6).
-285
Let b(y) = 21613*y + 5554548. Calculate b(-257).
7
Let f(r) = r**2 + 70*r + 70. Give f(-36).
-1154
Let i(p) = 10*p**2 - 24*p + 275. What is i(6)?
491
Let j(y) = 15*y**2 - 136*y + 137. Determine j(1).
16
Let c(l) = -18*l**3 - 172*l**2 - l + 801. Give c(-9).
0
Let a(x) = 408*x - 80. What is a(-3)?
-1304
Let a(c) = 266930*c + 2402335. Calculate a(-9).
-35
Let a(u) = -2*u**2 - 92*u + 5833. Calculate a(-82).
-71
Let r(m) = -10*m**3 - 342*m**2 - 71*m - 74. Calculate r(-34).
28
Let n(l) = 6*l**3 - 9*l**2 + 1527*l - 4504. Calculate n(3).
158
Let s(r) = -1719635*r - 5158913. Determine s(-3).
-8
Let q(c) = c**3 + 15*c**2 - 46*c - 459. Calculate q(6).
21
Let d(s) = -200809*s + 803231. Calculate d(4).
-5
Let v(l) = -755*l - 20909. Give v(-31).
2496
Let n(v) = -v**3 - 146*v**2 + 794*v + 5678. What is n(-151)?
-211
Let m(c) = -c**3 + 21*c**2 + 9274*c + 54664. Calculate m(-6).
-8
Let x(u) = 47687*u + 381479. Determine x(-8).
-17
Let a(t) = -913*t - 220984. Calculate a(-242).
-38
Let y(h) = -h**2 + 488*h - 36124. Calculate y(91).
3
Let a(y) = 69*y**2 - 2007*y + 158. What is a(29)?
-16
Let d(k) = -6*k**3 - 6*k**2 + 114*k - 541. Determine d(5).
-871
Let h(l) = -97*l**2 - 4238*l + 4320. Determine h(1).
-15
Let g(d) = -30127*d - 8646438. Determine g(-287).
11
Let p(z) = -z**3 + 5*z**2 - 11923*z + 47673. Determine p(4).
-3
Let d(z) = z**3 + 15*z**2 - 144*z - 234. Determine d(-22).
-454
Let w(m) = -8*m**2 + 65471*m + 130941. What is w(-2)?
-33
Let t(a) = -9*a**2 - 5868*a - 34898. Calculate t(-6).
-14
Let h(y) = -114*y + 200. Determine h(2).
-28
Let i(h) = -744*h - 48603. Give i(-65).
-243
Let i(n) = -2*n**3 - 236*n**2 - 3377*n - 11529. Determine i(-102).
-3
Let a(c) = -4*c**3 - 59*c**2 - 112*c - 1032. What is a(-14)?
-52
Let i(l) = 9603*l - 28812. Calculate i(3).
-3
Let t(i) = -8*i**3 - 3*i**2 - 183*i - 355. Calculate t(-2).
63
Let h(o) = -o**3 - 101*o**2 - 395*o - 61929. Determine h(-103).
-26
Let k(d) = d**3 + 3*d**2 - 1984*d - 3979. What is k(-2)?
-7
Let x(o) = -10*o**2 + 1773*o + 14364. Calculate x(185).
119
Let g(h) = 18*h**3 + 266*h + 268. Determine g(-1).
-16
Let g(n) = 373*n - 16814. Calculate g(45).
-29
Let l(d) = -d**3 + 2*d**2 - 1423*d - 272. Determine l(0).
-272
Let h(d) = 2*d**2 - 1076*d - 16650. What is h(-15)?
-60
Let a(q) = 8196*q + 188244. Determine a(-23).
-264
Let c(o) = -o**2 + 48*o + 4300. What is c(-45)?
115
Let g(u) = 4*u**2 + 4493*u - 18041. Give g(4).
-5
Let d(i) = -118*i**2 + 1205*i - 8396. What is d(7)?
-5743
Let m(k) = -k**2 + 5071*k + 142827. Calculate m(-28).
55
Let x(h) = -43003*h - 258844. Determine x(-6).
-826
Let s(k) = 2*k**3 - 1980*k**2 - 15969*k - 6. Determine s(-8).
2
Let u(f) = -169*f**2 + 9*f. Give u(3).
-1494
Let f(n) = -144*n**2 + 12097*n + 51. Determine f(84).
135
Let f(s) = 6*s**3 + 235*s**2 + 37*s + 49. Determine f(-39).
127
Let c(x) = 4*x**3 - 20*x**2 + 1164*x - 7120. Calculate c(6).
8
Let o(a) = 1785*a - 533819. Calculate o(299).
-104
Let h(o) = 70466*o + 2889125. Calculate h(-41).
19
Let d(t) = -2*t**3 - 220*t**2 - 2352*t - 124. Give d(-98).
-124
Let a(h) = 12729*h + 216336. Give a(-17).
-57
Let h(g) = -g**3 + 487*g**2 - 724*g + 115656. What is h(486)?
-12
Let g(h) = 61*h**2 + 577*h - 330. Give g(-10).
0
Let y(m) = -2046*m - 1826. Calculate y(-1).
220
Let q(l) = -172*l**2 - 4717*l - 70. Calculate q(-27).
1901
Let g(h) = -h**3 + 80*h**2 - 396*h + 25071. Give g(79).
28
Let d(m) = 3*m**3 + 45*m**2 - 28*m + 10. Give d(-6).
1150
Let b(f) = -3*f**3 - 61*f**2 + 109*f + 2856. Calculate b(-19).
-659
Let t(q) = 29624*q - 118626. Give t(4).
-130
Let x(f) = f**3 + 6*f**2 + 6465*f + 19361. Determine x(-3).
-7
Let k(m) = -20*m**2 + 6387*m - 49808. Give k(8).
8
Let i(r) = 424*r + 404490. Calculate i(-954).
-6
Let s(x) = -3993*x**2 + 83860*x - 138. Determine s(21).
9
Let o(y) = 157471*y + 157485. What is o(-1)?
14
Let s(h) = 5*h**3 + 106*h**2 + 130*h + 1063. Determine s(-20).
863
Let a(s) = -s**2 + 8574*s + 920079. What is a(-106)?
-1
Let r(d) = d**3 - 61*d**2 + 324*d - 79. Give r(55).
-409
Let v(f) = f**2 + 6682*f + 186316. Calculate v(-28).
4
Let s(j) = -2*j**2 + 146*j + 3440. What is s(98)?
-1460
Let s(k) = 11*k**2 - 304*k + 1620. Determine s(6).
192
Let r(h) = h**3 + 51*h**2 + 97*h - 400. Give r(-50).
-2750
Let a(r) = -412*r - 21235. What is a(-52)?
189
Let k(c) = -2*c**3 - 71*c**2 + 35*c - 268. What is k(-36)?
-232
Let k(a) = 165*a + 17758. What is k(-113)?
-887
Let i(x) = 39*x - 579. Calculate i(18).
123
Let s(i) = 40*i**2 - 545*i + 102. What is s(14)?
312
Let v(m) = -58*m**2 + 1930*m - 77. Give v(33).
451
Let g(y) = y**2 - 62*y - 6729. What is g(-55)?
-294
Let i(s) = s**3 + 41*s**2 + 537*s + 11441. Determine i(-35).
-4
Let w(k) = 3*k**3 - 58*k**2 + 258*k - 50. Give w(7).
-57
Let i(z) = 126148*z - 630735. Calculate i(5).
5
Let m(r) = 2*r**3 + 51*r**2 - 149*r - 168. What is m(-28)?
84
Let l(v) = 1342*v + 405217. Calculate l(-302).
-67
Let x(j) = j**2 - 54*j - 1006. Determine x(-13).
-135
Let l(d) = 4*d**3 - 70*d**2 + 75*d + 395. Calculate l(14).
-1299
Let a(w) = -2*w**3 + 4*w**2 + 83*w - 586. Give a(8).
-690
Let s(x) = -11*x**2 + 2387*x - 4764. Determine s(2).
-34
Let z(w) = w**2 - 206*w - 63740. Calculate z(375).
-365
Let r(s) = s**3 - 121*s**2 - 8770*s - 340. What is r(172)?
4
Let o(t) = t**2 + 35*t - 5404. Determine o(65).
1096
Let c(q) = 270*q - 1137. Determine c(2).
-597
Let w(l) = -5*l**2 + 2296*l - 18489. Give w(451).
2
Let b(l) = 3099*l + 15974. Calculate b(-5).
479
Let f(o) = -o**2 + 443*o - 18011. Give f(54).
2995
Let c(x) = -230*x + 36972. Determine c(161).
-58
Let a(i) = -i**3 - 11*i**2 + 21492*i + 193582. What is a(-9)?
-8
Let p(u) = 6*u**3 + 2449*u**2 + 2959*u + 1040803. Determine p(-408).
-5
Let n(g) = 2871*g - 28611. Give n(10).
99
Let v(d) = -9*d**2 + 511*d - 1810. Determine v(53).
-8
Let l(j) = -9*j**2 + 862*j + 10357. Determine l(-12).
-1283
Let x(q) = 22*q**2 - 316*q - 4336. What is x(23)?
34
Let d(i) = -i**3 - 113*i**2 - 2066*i - 5823. Determine d(-91).
1
Let z(n) = -2*n**3 - 56*n**2 + 32*n + 1141. Calculate z(-28).
245
Let h(f) = 58529*f - 351